{"id":608,"date":"2024-12-01T02:24:59","date_gmt":"2024-12-01T01:24:59","guid":{"rendered":"https:\/\/manzanilladelapaz.gob.mx\/v3\/?page_id=608"},"modified":"2025-03-22T01:32:19","modified_gmt":"2025-03-22T00:32:19","slug":"articulo-8-fraccion-ii-d","status":"publish","type":"page","link":"https:\/\/manzanilladelapaz.gob.mx\/v3\/index.php\/articulo-8-fraccion-ii-d\/","title":{"rendered":"Art\u00edculo 8 \/ Fracci\u00f3n II \/ d)"},"content":{"rendered":"\n<pre id=\"interlineado-personalizado\" class=\"wp-block-preformatted interlineado-personalizado\" style=\"text-transform:uppercase\"><strong>d)      Los reglamentos federales, estatales y municipales<\/strong><br><ul>\n<img decoding=\"async\" width=\"28px\" src=\"https:\/\/manzanilladelapaz.gob.mx\/v3\/wp-content\/uploads\/2024\/11\/file-and-folder3.png\"> <a href=\"https:\/\/manzanilladelapaz.gob.mx\/Transparencia\/Articulo8\/Fraccion_II\/d\/REGLAMENTO_DEL_COMITE_MUNICIPAL_DE_SALUD_2024-2027.pdf\" target=\"_blank\">REGLAMENTO DEL COMIT\u00c9 MUNICIPAL DE SALUD 2024 - 2027<\/a><br>\n<img decoding=\"async\" width=\"28px\" src=\"https:\/\/manzanilladelapaz.gob.mx\/v3\/wp-content\/uploads\/2024\/11\/file-and-folder3.png\"> <a href=\"https:\/\/manzanilladelapaz.gob.mx\/Transparencia\/Articulo8\/Fraccion_II\/d\/Reglamento_de_Construccion_y_Conservacion_Imagen_Urbana.pdf\" target=\"_blank\">Reglamento de Construcci\u00f3n y Conservaci\u00f3n de la Imagen Urbana del Municipio de La Manzanilla de la Paz, Jalisco 2007-2009<\/a><br>\n<img decoding=\"async\" width=\"28px\" src=\"https:\/\/manzanilladelapaz.gob.mx\/v3\/wp-content\/uploads\/2024\/11\/file-and-folder3.png\"> <a href=\"https:\/\/www.jalisco.gob.mx\/es\/gobierno\/normatividad?keyword=&amp;f[]=sm_field_tipo_del_documento:REGLAMENTO\" target=\"_blank\">REGLAMENTOS ESTATALES<\/a><br><br><img decoding=\"async\" width=\"28px\" src=\"https:\/\/manzanilladelapaz.gob.mx\/v3\/wp-content\/uploads\/2024\/11\/file-and-folder3.png\"> <a href=\"http:\/\/www.diputados.gob.mx\/LeyesBiblio\/regla.htm\" target=\"_blank\">REGLAMENTOS FEDERALES<\/a><br><br><img decoding=\"async\" width=\"28px\" src=\"https:\/\/manzanilladelapaz.gob.mx\/v3\/wp-content\/uploads\/2024\/11\/file-and-folder3.png\"> <a href=\"https:\/\/transparencia.info.jalisco.gob.mx\/sites\/default\/files\/\/REGLAMENTO%20INTERNO%202015-2018_1.pdf\" target=\"_blank\">REGLAMENTO INTERNO 2015-2018<\/a><br><br><img decoding=\"async\" width=\"28px\" src=\"https:\/\/manzanilladelapaz.gob.mx\/v3\/wp-content\/uploads\/2024\/11\/file-and-folder3.png\"> <a href=\"https:\/\/transparencia.info.jalisco.gob.mx\/sites\/default\/files\/\/bando%20de%20policia%202015%20-%202018_0.pdf\" target=\"_blank\">bando de policia 2015 - 2018<\/a><br><br><img decoding=\"async\" width=\"28px\" src=\"https:\/\/manzanilladelapaz.gob.mx\/v3\/wp-content\/uploads\/2024\/11\/file-and-folder3.png\"> <a href=\"https:\/\/transparencia.info.jalisco.gob.mx\/sites\/default\/files\/\/Reglamento%20Interno%202018%20-%202021.pdf\" target=\"_blank\">Reglamento Interno 2018 - 2021<\/a><br><br><img decoding=\"async\" width=\"28px\" src=\"https:\/\/manzanilladelapaz.gob.mx\/v3\/wp-content\/uploads\/2024\/11\/file-and-folder3.png\"> <a href=\"https:\/\/transparencia.info.jalisco.gob.mx\/sites\/default\/files\/\/MANUAL%20ORGANIZACION%20Y%20DE%20OPERACIONES%202019.pdf\" target=\"_blank\">MANUAL ORGANIZACION Y DE OPERACIONES 2019<\/a><br><br><img decoding=\"async\" width=\"28px\" src=\"https:\/\/manzanilladelapaz.gob.mx\/v3\/wp-content\/uploads\/2024\/11\/file-and-folder3.png\"> <a href=\"https:\/\/transparencia.info.jalisco.gob.mx\/sites\/default\/files\/\/Reglamento%20para%20prevenir%20y%20eliminar%20la%20discriminaci%c3%b3n_0.pdf\" target=\"_blank\">Reglamento para prevenir y eliminar la discriminaci\u00f3n<\/a><br><br><img decoding=\"async\" width=\"28px\" src=\"https:\/\/manzanilladelapaz.gob.mx\/v3\/wp-content\/uploads\/2024\/11\/file-and-folder3.png\"> <a href=\"https:\/\/transparencia.info.jalisco.gob.mx\/sites\/default\/files\/\/Reglamento%20de%20acceso%20a%20una%20vida%20sin%20violencia_0.pdf\" target=\"_blank\">Reglamento de acceso a una vida sin violencia<\/a><br><br><img decoding=\"async\" width=\"28px\" src=\"https:\/\/manzanilladelapaz.gob.mx\/v3\/wp-content\/uploads\/2024\/11\/file-and-folder3.png\"> <a href=\"https:\/\/transparencia.info.jalisco.gob.mx\/sites\/default\/files\/\/reglamento%20de%20seguridad%20publica%202018-2021.pdf\" target=\"_blank\">reglamento de seguridad publica 2018-2021<\/a><br><br><img decoding=\"async\" width=\"28px\" src=\"https:\/\/manzanilladelapaz.gob.mx\/v3\/wp-content\/uploads\/2024\/11\/file-and-folder3.png\"> <a href=\"https:\/\/transparencia.info.jalisco.gob.mx\/sites\/default\/files\/\/REGLAMENTO%20DE%20MOTOS%202018-2021.pdf\" target=\"_blank\">REGLAMENTO DE MOTOS 2018-2021<\/a><br><br><img decoding=\"async\" width=\"28px\" src=\"https:\/\/manzanilladelapaz.gob.mx\/v3\/wp-content\/uploads\/2024\/11\/file-and-folder3.png\"> <a href=\"https:\/\/transparencia.info.jalisco.gob.mx\/sites\/default\/files\/\/REGLAMENTO%20DE%20COMERCIO%202018-2021.pdf\" target=\"_blank\">REGLAMENTO DE COMERCIO 2018-2021<\/a><br><br><img decoding=\"async\" width=\"28px\" src=\"https:\/\/manzanilladelapaz.gob.mx\/v3\/wp-content\/uploads\/2024\/11\/file-and-folder3.png\"> <a href=\"https:\/\/transparencia.info.jalisco.gob.mx\/sites\/default\/files\/\/REGLAMENTO%20DE%20ARCHIVO%20GENERAL%202018-2021.pdf\" target=\"_blank\">REGLAMENTO DE ARCHIVO GENERAL 2018-2021<\/a><br><br><img decoding=\"async\" width=\"28px\" src=\"https:\/\/manzanilladelapaz.gob.mx\/v3\/wp-content\/uploads\/2024\/11\/file-and-folder3.png\"> <a href=\"https:\/\/transparencia.info.jalisco.gob.mx\/sites\/default\/files\/\/Reglamento%20de%20adquisiciones%202018-2021.pdf\" target=\"_blank\">Reglamento de adquisiciones 2018-2021<\/a><br><br><img decoding=\"async\" width=\"28px\" src=\"https:\/\/manzanilladelapaz.gob.mx\/v3\/wp-content\/uploads\/2024\/11\/file-and-folder3.png\"> <a href=\"https:\/\/transparencia.info.jalisco.gob.mx\/sites\/default\/files\/\/reglamento%20copplademun%202018-2021.pdf\" target=\"_blank\">reglamento copplademun 2018-2021<\/a><br><br><img decoding=\"async\" width=\"28px\" src=\"https:\/\/manzanilladelapaz.gob.mx\/v3\/wp-content\/uploads\/2024\/11\/file-and-folder3.png\"> <a href=\"https:\/\/transparencia.info.jalisco.gob.mx\/sites\/default\/files\/\/Reglamento%20para%20prevenir%20y%20eliminar%20la%20discriminaci%c3%b3n%20en%20el%20municipio%20de%20La%20Manzanilla%20de%20la%20Paz%202018%20-%202021.pdf\" target=\"_blank\">Reglamento para prevenir y eliminar la discriminaci\u00f3n en el municipio de La Manzanilla de la Paz 2018 - 2021<\/a><br><br><img decoding=\"async\" width=\"28px\" src=\"https:\/\/manzanilladelapaz.gob.mx\/v3\/wp-content\/uploads\/2024\/11\/file-and-folder3.png\"> <a href=\"https:\/\/transparencia.info.jalisco.gob.mx\/sites\/default\/files\/\/REGLAMENTO%20INTERIOR%20DE%20LA%20CONTRALORIA%202018-2021.pdf\" target=\"_blank\">REGLAMENTO INTERIOR DE LA CONTRALORIA 2018-2021<\/a><br><br><img decoding=\"async\" width=\"28px\" src=\"https:\/\/manzanilladelapaz.gob.mx\/v3\/wp-content\/uploads\/2024\/11\/file-and-folder3.png\"> <a href=\"https:\/\/transparencia.info.jalisco.gob.mx\/sites\/default\/files\/\/reglamento%20para%20la%20inclusion%20de%20personas%20con%20discapacidad%202018-2021.pdf\" target=\"_blank\">reglamento para la inclusion de personas con discapacidad 2018-2021<\/a><br><br><img decoding=\"async\" width=\"28px\" src=\"https:\/\/manzanilladelapaz.gob.mx\/v3\/wp-content\/uploads\/2024\/11\/file-and-folder3.png\"> <a href=\"https:\/\/transparencia.info.jalisco.gob.mx\/sites\/default\/files\/\/Reglamento%20de%20adquisiciones%202018-2021_0.pdf\" target=\"_blank\">Reglamento de adquisiciones 2018-2021<\/a><br><br><img decoding=\"async\" width=\"28px\" src=\"https:\/\/manzanilladelapaz.gob.mx\/v3\/wp-content\/uploads\/2024\/11\/file-and-folder3.png\"> <a href=\"https:\/\/transparencia.info.jalisco.gob.mx\/sites\/default\/files\/\/Reglamento%20de%20licencias%202018-2021_0.pdf\" target=\"_blank\">Reglamento de licencias 2018-2021<\/a><br><br><img decoding=\"async\" width=\"28px\" src=\"https:\/\/manzanilladelapaz.gob.mx\/v3\/wp-content\/uploads\/2024\/11\/file-and-folder3.png\"> <a href=\"https:\/\/transparencia.info.jalisco.gob.mx\/sites\/default\/files\/\/Reglamento%20de%20Participaci%c3%b3n%20Ciudadana%20para%20la%20Gobernanza%202018-2021_0.pdf\" target=\"_blank\">Reglamento de Participaci\u00f3n Ciudadana para la Gobernanza 2018-2021<\/a><br><br><img decoding=\"async\" width=\"28px\" src=\"https:\/\/manzanilladelapaz.gob.mx\/v3\/wp-content\/uploads\/2024\/11\/file-and-folder3.png\"> <a href=\"https:\/\/transparencia.info.jalisco.gob.mx\/sites\/default\/files\/\/REGLAMENTO%20MUNICIPAL%20PARA%20LA%20%20IGUALDAD%20SUSTANTIVA%20ENTRE%20MUJERES%20Y%20HOMBRES%202018-2021_0.pdf\" target=\"_blank\">REGLAMENTO MUNICIPAL PARA LA IGUALDAD SUSTANTIVA ENTRE MUJERES Y HOMBRES 2018-2021<\/a><br><br><img decoding=\"async\" width=\"28px\" src=\"https:\/\/manzanilladelapaz.gob.mx\/v3\/wp-content\/uploads\/2024\/11\/file-and-folder3.png\"> <a href=\"https:\/\/transparencia.info.jalisco.gob.mx\/sites\/default\/files\/\/BANDO%20DE%20POLICIA%20Y%20ORDEN%20P%c3%9aBLICO%202018-2021.pdf\" target=\"_blank\">BANDO DE POLICIA Y ORDEN P\u00daBLICO 2018-2021<\/a><br><br><img decoding=\"async\" width=\"28px\" src=\"https:\/\/manzanilladelapaz.gob.mx\/v3\/wp-content\/uploads\/2024\/11\/file-and-folder3.png\"> <a href=\"https:\/\/transparencia.info.jalisco.gob.mx\/sites\/default\/files\/\/REGLAMENTO%20DE%20PARQUES%20Y%20JARDINES%20DEL%20MUNICIPIO%20DE%20LA%20MANZANILLA%20DE%20LA%20PAZ%20JALISCO%202018-2021.pdf\" target=\"_blank\">REGLAMENTO DE PARQUES Y JARDINES DEL MUNICIPIO DE LA MANZANILLA DE LA PAZ JALISCO 2018-2021<\/a><br><br><img decoding=\"async\" width=\"28px\" src=\"https:\/\/manzanilladelapaz.gob.mx\/v3\/wp-content\/uploads\/2024\/11\/file-and-folder3.png\"> <a href=\"https:\/\/transparencia.info.jalisco.gob.mx\/sites\/default\/files\/\/REGLAMENTO%20DE%20AGUA%20POTABLE%20Y%20ALCANTARILLADO%202018-2021.pdf\" target=\"_blank\">REGLAMENTO DE AGUA POTABLE Y ALCANTARILLADO 2018-2021<\/a><br><br><img decoding=\"async\" width=\"28px\" src=\"https:\/\/manzanilladelapaz.gob.mx\/v3\/wp-content\/uploads\/2024\/11\/file-and-folder3.png\"> <a href=\"https:\/\/transparencia.info.jalisco.gob.mx\/sites\/default\/files\/\/Reglamento%20de%20Turismo%202018-2021.pdf\" target=\"_blank\">Reglamento de Turismo 2018-2021<\/a><br><br><img decoding=\"async\" width=\"28px\" src=\"https:\/\/manzanilladelapaz.gob.mx\/v3\/wp-content\/uploads\/2024\/11\/file-and-folder3.png\"> <a href=\"https:\/\/transparencia.info.jalisco.gob.mx\/sites\/default\/files\/\/REGLAMENTO%20MUNICIPAL%20DE%20PROTECCION%20CIVIL%202018-2021.pdf\" target=\"_blank\">REGLAMENTO MUNICIPAL DE PROTECCION CIVIL 2018-2021<\/a><br><br><img decoding=\"async\" width=\"28px\" src=\"https:\/\/manzanilladelapaz.gob.mx\/v3\/wp-content\/uploads\/2024\/11\/file-and-folder3.png\"> <a href=\"https:\/\/transparencia.info.jalisco.gob.mx\/sites\/default\/files\/\/REGLAMENTO%20DE%20SIPINNA%202018-2021.pdf\" target=\"_blank\">REGLAMENTO DE SIPINNA 2018-2021<\/a><br><br><img decoding=\"async\" width=\"28px\" src=\"https:\/\/manzanilladelapaz.gob.mx\/v3\/wp-content\/uploads\/2024\/11\/file-and-folder3.png\"> <a href=\"https:\/\/transparencia.info.jalisco.gob.mx\/sites\/default\/files\/\/REGLAMENTO%20DEL%20RASTRO%20MUNICIPAL%202018-2021.pdf\" target=\"_blank\">REGLAMENTO DEL RASTRO MUNICIPAL 2018-2021<\/a><br><br><img decoding=\"async\" width=\"28px\" src=\"https:\/\/manzanilladelapaz.gob.mx\/v3\/wp-content\/uploads\/2024\/11\/file-and-folder3.png\"> <a href=\"https:\/\/transparencia.info.jalisco.gob.mx\/sites\/default\/files\/\/REGLAMENTO%20GACETAS%20MUNICIPALES%202018-2021_0.pdf\" target=\"_blank\">REGLAMENTO GACETAS MUNICIPALES 2018-2021<\/a><br><br><img decoding=\"async\" width=\"28px\" src=\"https:\/\/manzanilladelapaz.gob.mx\/v3\/wp-content\/uploads\/2024\/11\/file-and-folder3.png\"> <a href=\"https:\/\/transparencia.info.jalisco.gob.mx\/sites\/default\/files\/\/REGLAMENTO%20DE%20ECOLOGIA%202020.pdf\" target=\"_blank\">REGLAMENTO DE ECOLOGIA 2020<\/a><br><br><img decoding=\"async\" width=\"28px\" src=\"https:\/\/manzanilladelapaz.gob.mx\/v3\/wp-content\/uploads\/2024\/11\/file-and-folder3.png\"> <a href=\"https:\/\/transparencia.info.jalisco.gob.mx\/sites\/default\/files\/\/Reglamento%20de%20Prevencion%20Social%20de%20la%20Violencia%20y%20la%20Delincuencia%202018-2021_0.pdf\" target=\"_blank\">Reglamento de Prevencion Social de la Violencia y la Delincuencia 2018-2021<\/a><br><br><img decoding=\"async\" width=\"28px\" src=\"https:\/\/manzanilladelapaz.gob.mx\/v3\/wp-content\/uploads\/2024\/11\/file-and-folder3.png\"> <a href=\"https:\/\/transparencia.info.jalisco.gob.mx\/sites\/default\/files\/\/Reglamento%20parques%202018-2021.pdf\" target=\"_blank\">Reglamento parques 2018-2021<\/a><br><br><img decoding=\"async\" width=\"28px\" src=\"https:\/\/manzanilladelapaz.gob.mx\/v3\/wp-content\/uploads\/2024\/11\/file-and-folder3.png\"> <a href=\"https:\/\/transparencia.info.jalisco.gob.mx\/sites\/default\/files\/\/Reglamento%20cementerios%202018-2021.pdf\" target=\"_blank\">Reglamento cementerios 2018-2021<\/a><br><br><img decoding=\"async\" width=\"28px\" src=\"https:\/\/manzanilladelapaz.gob.mx\/v3\/wp-content\/uploads\/2024\/11\/file-and-folder3.png\"> <a href=\"https:\/\/transparencia.info.jalisco.gob.mx\/sites\/default\/files\/\/BANDO%20DE%20POLICIA%20Y%20ORDEN%20PUBLICO%20MODIFICADO%202021.pdf\" target=\"_blank\">BANDO DE POLICIA Y ORDEN PUBLICO MODIFICADO 2021<\/a><br><\/ul><br><br><br><br><\/pre>\n","protected":false},"excerpt":{"rendered":"<p>d) Los reglamentos federales, estatales y municipales REGLAMENTO DEL COMIT\u00c9 MUNICIPAL DE SALUD 2024 &#8211; 2027 Reglamento de Construcci\u00f3n y Conservaci\u00f3n de la Imagen Urbana del Municipio de La Manzanilla &#8230;<\/p>\n","protected":false},"author":1,"featured_media":0,"parent":0,"menu_order":0,"comment_status":"closed","ping_status":"closed","template":"","meta":{"footnotes":""},"class_list":["post-608","page","type-page","status-publish","hentry"],"_links":{"self":[{"href":"https:\/\/manzanilladelapaz.gob.mx\/v3\/index.php\/wp-json\/wp\/v2\/pages\/608","targetHints":{"allow":["GET"]}}],"collection":[{"href":"https:\/\/manzanilladelapaz.gob.mx\/v3\/index.php\/wp-json\/wp\/v2\/pages"}],"about":[{"href":"https:\/\/manzanilladelapaz.gob.mx\/v3\/index.php\/wp-json\/wp\/v2\/types\/page"}],"author":[{"embeddable":true,"href":"https:\/\/manzanilladelapaz.gob.mx\/v3\/index.php\/wp-json\/wp\/v2\/users\/1"}],"replies":[{"embeddable":true,"href":"https:\/\/manzanilladelapaz.gob.mx\/v3\/index.php\/wp-json\/wp\/v2\/comments?post=608"}],"version-history":[{"count":5,"href":"https:\/\/manzanilladelapaz.gob.mx\/v3\/index.php\/wp-json\/wp\/v2\/pages\/608\/revisions"}],"predecessor-version":[{"id":1559,"href":"https:\/\/manzanilladelapaz.gob.mx\/v3\/index.php\/wp-json\/wp\/v2\/pages\/608\/revisions\/1559"}],"wp:attachment":[{"href":"https:\/\/manzanilladelapaz.gob.mx\/v3\/index.php\/wp-json\/wp\/v2\/media?parent=608"}],"curies":[{"name":"wp","href":"https:\/\/api.w.org\/{rel}","templated":true}]}}