{"id":686,"date":"2024-12-01T21:33:54","date_gmt":"2024-12-01T20:33:54","guid":{"rendered":"https:\/\/manzanilladelapaz.gob.mx\/v3\/?page_id=686"},"modified":"2024-12-01T21:33:54","modified_gmt":"2024-12-01T20:33:54","slug":"articulo-8-fraccion-iv-h","status":"publish","type":"page","link":"https:\/\/manzanilladelapaz.gob.mx\/v3\/index.php\/articulo-8-fraccion-iv-h\/","title":{"rendered":"Art\u00edculo 8 \/ Fracci\u00f3n IV \/ h)"},"content":{"rendered":"\n<pre class=\"wp-block-preformatted interlineado-personalizado\" style=\"text-transform:uppercase\"><strong>h)      Los indicadores que permitan rendir cuenta de sus objetivos y resultados;<\/strong><br><ul><br><img decoding=\"async\" width=\"28px\" src=\"https:\/\/manzanilladelapaz.gob.mx\/v3\/wp-content\/uploads\/2024\/11\/file-and-folder3.png\"> <a href=\"https:\/\/manzanilladelapaz.gob.mx\/Transparencia\/Articulo8\/Fraccion_IV\/h\/Los_indicadores_que_permitan_rendir_cuenta_de_sus_objetivos_y_resultados_2021-2024.pdf\" target=\"_blank\">Periodo de 2021-2024<\/a><br><br><img decoding=\"async\" width=\"28px\" src=\"https:\/\/manzanilladelapaz.gob.mx\/v3\/wp-content\/uploads\/2024\/11\/file-and-folder3.png\"> <a href=\"https:\/\/transparencia.info.jalisco.gob.mx\/sites\/default\/files\/\/plan_de_evaluacion_2015.pdf\" target=\"_blank\">Plan de Evaluaci\u00f3n ITEI 2015<\/a><br><br><img decoding=\"async\" width=\"28px\" src=\"https:\/\/manzanilladelapaz.gob.mx\/v3\/wp-content\/uploads\/2024\/11\/file-and-folder3.png\"> <a href=\"https:\/\/transparencia.info.jalisco.gob.mx\/sites\/default\/files\/\/1resultados%20evaluacion%202015%20region%2005%20sureste.pdf\" target=\"_blank\">Resultados Evaluaci\u00f3n ITEI 2015 Regi\u00f3n 05 Sureste<\/a><br><br><img decoding=\"async\" width=\"28px\" src=\"https:\/\/manzanilladelapaz.gob.mx\/v3\/wp-content\/uploads\/2024\/11\/file-and-folder3.png\"> <a href=\"https:\/\/transparencia.info.jalisco.gob.mx\/sites\/default\/files\/\/plan_evaluacion_2016.pdf\" target=\"_blank\">Plan de Evaluaci\u00f3n ITEI 2016<\/a><br><br><img decoding=\"async\" width=\"28px\" src=\"https:\/\/manzanilladelapaz.gob.mx\/v3\/wp-content\/uploads\/2024\/11\/file-and-folder3.png\"> <a href=\"https:\/\/transparencia.info.jalisco.gob.mx\/sites\/default\/files\/\/ADM_2016_0.pdf\" target=\"_blank\">Manual e Indicadores de evaluaci\u00f3n Agenda para el Desarrollo Mpal. 2016<\/a><br><br><img decoding=\"async\" width=\"28px\" src=\"https:\/\/manzanilladelapaz.gob.mx\/v3\/wp-content\/uploads\/2024\/11\/file-and-folder3.png\"> <a href=\"https:\/\/transparencia.info.jalisco.gob.mx\/sites\/default\/files\/\/INDICADORES%20QUE%20PERMITAN%20RENDIR%20CUENTA%20DE%20SUS%20OBJETIVOS%20Y%20RESULTADOS%202018-2021.pdf\" target=\"_blank\">INDICADORES QUE PERMITAN RENDIR CUENTA DE SUS OBJETIVOS Y RESULTADOS 2018-2021<\/a><br><\/ul><br><br><br><\/pre>\n\n\n\n<p><\/p>\n","protected":false},"excerpt":{"rendered":"<p>h) Los indicadores que permitan rendir cuenta de sus objetivos y resultados; Periodo de 2021-2024 Plan de Evaluaci\u00f3n ITEI 2015 Resultados Evaluaci\u00f3n ITEI 2015 Regi\u00f3n 05 Sureste Plan de Evaluaci\u00f3n &#8230;<\/p>\n","protected":false},"author":1,"featured_media":0,"parent":0,"menu_order":0,"comment_status":"closed","ping_status":"closed","template":"","meta":{"footnotes":""},"class_list":["post-686","page","type-page","status-publish","hentry"],"_links":{"self":[{"href":"https:\/\/manzanilladelapaz.gob.mx\/v3\/index.php\/wp-json\/wp\/v2\/pages\/686","targetHints":{"allow":["GET"]}}],"collection":[{"href":"https:\/\/manzanilladelapaz.gob.mx\/v3\/index.php\/wp-json\/wp\/v2\/pages"}],"about":[{"href":"https:\/\/manzanilladelapaz.gob.mx\/v3\/index.php\/wp-json\/wp\/v2\/types\/page"}],"author":[{"embeddable":true,"href":"https:\/\/manzanilladelapaz.gob.mx\/v3\/index.php\/wp-json\/wp\/v2\/users\/1"}],"replies":[{"embeddable":true,"href":"https:\/\/manzanilladelapaz.gob.mx\/v3\/index.php\/wp-json\/wp\/v2\/comments?post=686"}],"version-history":[{"count":1,"href":"https:\/\/manzanilladelapaz.gob.mx\/v3\/index.php\/wp-json\/wp\/v2\/pages\/686\/revisions"}],"predecessor-version":[{"id":687,"href":"https:\/\/manzanilladelapaz.gob.mx\/v3\/index.php\/wp-json\/wp\/v2\/pages\/686\/revisions\/687"}],"wp:attachment":[{"href":"https:\/\/manzanilladelapaz.gob.mx\/v3\/index.php\/wp-json\/wp\/v2\/media?parent=686"}],"curies":[{"name":"wp","href":"https:\/\/api.w.org\/{rel}","templated":true}]}}