{"id":695,"date":"2024-12-01T22:27:45","date_gmt":"2024-12-01T21:27:45","guid":{"rendered":"https:\/\/manzanilladelapaz.gob.mx\/v3\/?page_id=695"},"modified":"2024-12-01T22:27:45","modified_gmt":"2024-12-01T21:27:45","slug":"articulo-8-fraccion-v-b","status":"publish","type":"page","link":"https:\/\/manzanilladelapaz.gob.mx\/v3\/index.php\/articulo-8-fraccion-v-b\/","title":{"rendered":"Art\u00edculo 8 \/ Fracci\u00f3n V \/ b)"},"content":{"rendered":"\n<pre class=\"wp-block-preformatted interlineado-personalizado\" style=\"text-transform:uppercase\"><strong>b)    Los ingresos extraordinarios recibidos por cualquier concepto, se\u00f1alando el origen de los recursos, el nombre de los responsables de recibirlos, administrarlos y ejercerlos, as\u00ed como el proyecto o programa donde ser\u00e1n aplicados;<\/strong><br><ul><br><img decoding=\"async\" width=\"28px\" src=\"https:\/\/manzanilladelapaz.gob.mx\/v3\/wp-content\/uploads\/2024\/11\/file-and-folder3.png\"> <a href=\"https:\/\/manzanilladelapaz.gob.mx\/Transparencia\/Articulo8\/Fraccion_V\/b\/Ingresos_Extraordinarios_Septiembre_2023-Mayo_2024.pdf\" target=\"_blank\">Ingresos Extraordinarios Tesorer\u00eda Municipal - Septiembre 2023 - Mayo 2024<\/a><br><br><img decoding=\"async\" width=\"28px\" src=\"https:\/\/manzanilladelapaz.gob.mx\/v3\/wp-content\/uploads\/2024\/11\/file-and-folder3.png\"> <a href=\"https:\/\/manzanilladelapaz.gob.mx\/Transparencia\/Articulo8\/Fraccion_V\/b\/Ingresos_Extraordinarios_Agosto_2022-Agosto_2023.pdf\" target=\"_blank\">Ingresos Extraordinarios Tesorer\u00eda Municipal - Agosto 2022 - Agosto 2023<\/a><br><br><img decoding=\"async\" width=\"28px\" src=\"https:\/\/manzanilladelapaz.gob.mx\/v3\/wp-content\/uploads\/2024\/11\/file-and-folder3.png\"> <a href=\"https:\/\/manzanilladelapaz.gob.mx\/Transparencia\/Articulo8\/Fraccion_V\/b\/INGRESOS_EXTRAORDINARIOS_OCT_2021-JUL_2022.pdf\" target=\"_blank\">Ingresos Extraordinarios Tesorer\u00eda Municipal - Octubre 2021 - Julio 2022<\/a><br><br><img decoding=\"async\" width=\"28px\" src=\"https:\/\/manzanilladelapaz.gob.mx\/v3\/wp-content\/uploads\/2024\/11\/file-and-folder3.png\"> <a href=\"https:\/\/transparencia.info.jalisco.gob.mx\/sites\/default\/files\/\/ingresos%20extraordinarios%202020-2021.pdf\" target=\"_blank\">Ingresos Extraordinarios Tesorer\u00eda Municipal 2020-2021<\/a><br><br><img decoding=\"async\" width=\"28px\" src=\"https:\/\/manzanilladelapaz.gob.mx\/v3\/wp-content\/uploads\/2024\/11\/file-and-folder3.png\"> <a href=\"https:\/\/transparencia.info.jalisco.gob.mx\/sites\/default\/files\/\/Ingresos_Extraordinarios_Tesoreria_Municipal_2019.pdf\" target=\"_blank\">Ingresos Extraordinarios Tesorer\u00eda Municipal 2019<\/a><br><br><img decoding=\"async\" width=\"28px\" src=\"https:\/\/manzanilladelapaz.gob.mx\/v3\/wp-content\/uploads\/2024\/11\/file-and-folder3.png\"> <a href=\"https:\/\/transparencia.info.jalisco.gob.mx\/sites\/default\/files\/\/Ingresos_Extraordinarios_Tesoreria_Municipal_2018.pdf\" target=\"_blank\">Ingresos Extraordinarios Tesorer\u00eda Municipal 2018<\/a><br><br><img decoding=\"async\" width=\"28px\" src=\"https:\/\/manzanilladelapaz.gob.mx\/v3\/wp-content\/uploads\/2024\/11\/file-and-folder3.png\"> <a href=\"https:\/\/transparencia.info.jalisco.gob.mx\/sites\/default\/files\/\/Ingresos_Extraordinarios_Tesoreria_Municipal_2017.pdf\" target=\"_blank\">Ingresos Extraordinarios Tesorer\u00eda Municipal 2017<\/a><br><br><img decoding=\"async\" width=\"28px\" src=\"https:\/\/manzanilladelapaz.gob.mx\/v3\/wp-content\/uploads\/2024\/11\/file-and-folder3.png\"> <a href=\"https:\/\/transparencia.info.jalisco.gob.mx\/sites\/default\/files\/\/Ingresos_Extraordinarios_Tesoreria_Municipal_2015-2016.pdf\" target=\"_blank\">Ingresos Extraordinarios Tesorer\u00eda Municipal 2015-2016<\/a><br><\/ul><br><p><br><\/p><br><br><\/pre>\n","protected":false},"excerpt":{"rendered":"<p>b) Los ingresos extraordinarios recibidos por cualquier concepto, se\u00f1alando el origen de los recursos, el nombre de los responsables de recibirlos, administrarlos y ejercerlos, as\u00ed como el proyecto o programa &#8230;<\/p>\n","protected":false},"author":1,"featured_media":0,"parent":0,"menu_order":0,"comment_status":"closed","ping_status":"closed","template":"","meta":{"footnotes":""},"class_list":["post-695","page","type-page","status-publish","hentry"],"_links":{"self":[{"href":"https:\/\/manzanilladelapaz.gob.mx\/v3\/index.php\/wp-json\/wp\/v2\/pages\/695","targetHints":{"allow":["GET"]}}],"collection":[{"href":"https:\/\/manzanilladelapaz.gob.mx\/v3\/index.php\/wp-json\/wp\/v2\/pages"}],"about":[{"href":"https:\/\/manzanilladelapaz.gob.mx\/v3\/index.php\/wp-json\/wp\/v2\/types\/page"}],"author":[{"embeddable":true,"href":"https:\/\/manzanilladelapaz.gob.mx\/v3\/index.php\/wp-json\/wp\/v2\/users\/1"}],"replies":[{"embeddable":true,"href":"https:\/\/manzanilladelapaz.gob.mx\/v3\/index.php\/wp-json\/wp\/v2\/comments?post=695"}],"version-history":[{"count":1,"href":"https:\/\/manzanilladelapaz.gob.mx\/v3\/index.php\/wp-json\/wp\/v2\/pages\/695\/revisions"}],"predecessor-version":[{"id":696,"href":"https:\/\/manzanilladelapaz.gob.mx\/v3\/index.php\/wp-json\/wp\/v2\/pages\/695\/revisions\/696"}],"wp:attachment":[{"href":"https:\/\/manzanilladelapaz.gob.mx\/v3\/index.php\/wp-json\/wp\/v2\/media?parent=695"}],"curies":[{"name":"wp","href":"https:\/\/api.w.org\/{rel}","templated":true}]}}