{"id":698,"date":"2024-12-01T22:37:42","date_gmt":"2024-12-01T21:37:42","guid":{"rendered":"https:\/\/manzanilladelapaz.gob.mx\/v3\/?page_id=698"},"modified":"2025-01-14T22:46:44","modified_gmt":"2025-01-14T21:46:44","slug":"articulo-8-fraccion-v-c","status":"publish","type":"page","link":"https:\/\/manzanilladelapaz.gob.mx\/v3\/index.php\/articulo-8-fraccion-v-c\/","title":{"rendered":"Art\u00edculo 8 \/ Fracci\u00f3n V \/ c)"},"content":{"rendered":"\n<pre class=\"wp-block-preformatted interlineado-personalizado\" style=\"text-transform:uppercase\"><strong>c)    El presupuesto de egresos anual y, en su caso, el clasificador por objeto del gasto del sujeto obligado, de cuando menos los \u00faltimos tres a\u00f1os;<\/strong><br>\n<ul><br><p><span style=\"font-size: 14px; font-weight: bold;\"><img decoding=\"async\" width=\"28px\" src=\"https:\/\/manzanilladelapaz.gob.mx\/v3\/wp-content\/uploads\/2024\/11\/file-and-folder4.png\"> Contabilidad gubernamental de la administraci\u00f3n 2024 - 2027<\/span><\/p>\n<ul><img decoding=\"async\" width=\"28px\" src=\"https:\/\/manzanilladelapaz.gob.mx\/v3\/wp-content\/uploads\/2024\/11\/file-and-folder3.png\"> <a href=\"https:\/\/manzanilladelapaz.gob.mx\/Transparencia\/Articulo8\/Fraccion_V\/c\/PRESUPUESTO_DE_EGRESOS_EJERCICIO_FISCAL_2025.pdf\" target=\"_blank\">PRESUPUESTO DE EGRESOS EJERCICIO FISCAL 2025<\/a><br><br>\n<\/ul><br><br>\n<br><p><span style=\"font-size: 14px; font-weight: bold;\"><img decoding=\"async\" width=\"28px\" src=\"https:\/\/manzanilladelapaz.gob.mx\/v3\/wp-content\/uploads\/2024\/11\/file-and-folder4.png\"> Contabilidad gubernamental de la administraci\u00f3n 2021 - 2024<\/span><\/p><ul><br><img decoding=\"async\" width=\"28px\" src=\"https:\/\/manzanilladelapaz.gob.mx\/v3\/wp-content\/uploads\/2024\/11\/file-and-folder3.png\"> <a href=\"https:\/\/manzanilladelapaz.gob.mx\/Transparencia\/Articulo8\/Fraccion_V\/c\/PRESUPUESTO_DE_EGRESOS_2024.pdf\" target=\"_blank\">PRESUPUESTO DE EGRESOS EJERCICIO FISCAL 2024<\/a><br><br><img decoding=\"async\" width=\"28px\" src=\"https:\/\/manzanilladelapaz.gob.mx\/v3\/wp-content\/uploads\/2024\/11\/file-and-folder3.png\"> <a href=\"https:\/\/manzanilladelapaz.gob.mx\/Transparencia\/Articulo8\/Fraccion_V\/c\/PRESUPUESTO_DE_EGRESOS_EJERCICIO_FISCAL_2023.pdf\" target=\"_blank\">PRESUPUESTO DE EGRESOS EJERCICIO FISCAL 2023<\/a><br><br><img decoding=\"async\" width=\"28px\" src=\"https:\/\/manzanilladelapaz.gob.mx\/v3\/wp-content\/uploads\/2024\/11\/file-and-folder3.png\"> <a href=\"https:\/\/manzanilladelapaz.gob.mx\/Transparencia\/Articulo8\/Fraccion_V\/c\/PRESUPUESTO_DE_EGRESOS_2022_LA_MANZANILLA_DE_LA_PAZ_JALISCO.pdf\" target=\"_blank\">PRESUPUESTO DE EGRESOS 2022 LA MANZANILLA DE LA PAZ JALISCO<\/a><br><\/ul><br><br>\n\n<p><span style=\"line-height: normal;\"><\/span><\/p><br><p><span style=\"font-size: 14px; font-weight: bold;\"><img decoding=\"async\" width=\"28px\" src=\"https:\/\/manzanilladelapaz.gob.mx\/v3\/wp-content\/uploads\/2024\/11\/file-and-folder4.png\"> Contabilidad gubernamental de la administraci\u00f3n 2018 - 2021<\/span><\/p><ul><br><img decoding=\"async\" width=\"28px\" src=\"https:\/\/manzanilladelapaz.gob.mx\/v3\/wp-content\/uploads\/2024\/11\/file-and-folder3.png\"> <a href=\"https:\/\/transparencia.info.jalisco.gob.mx\/sites\/default\/files\/\/ClasificadorObjetoGasto2018_0.pdf\" target=\"_blank\">ClasificadorObjetoGasto2018<\/a><br><br><img decoding=\"async\" width=\"28px\" src=\"https:\/\/manzanilladelapaz.gob.mx\/v3\/wp-content\/uploads\/2024\/11\/file-and-folder3.png\"> <a href=\"https:\/\/transparencia.info.jalisco.gob.mx\/sites\/default\/files\/\/PRESUPUESTO%20MUNICIPIOS%20%20LA%20MANZANILLA%20DE%20%20LA%20PAZ%202018.pdf\" target=\"_blank\">PRESUPUESTO MUNICIPIOS LA MANZANILLA DE LA PAZ 2018<\/a><br><br><img decoding=\"async\" width=\"28px\" src=\"https:\/\/manzanilladelapaz.gob.mx\/v3\/wp-content\/uploads\/2024\/11\/file-and-folder3.png\"> <a href=\"https:\/\/transparencia.info.jalisco.gob.mx\/sites\/default\/files\/\/PRESUPUESTO%202019%20EGRESOS.pdf\" target=\"_blank\">PRESUPUESTO 2019 EGRESOS<\/a><br><br><img decoding=\"async\" width=\"28px\" src=\"https:\/\/manzanilladelapaz.gob.mx\/v3\/wp-content\/uploads\/2024\/11\/file-and-folder3.png\"> <a href=\"https:\/\/transparencia.info.jalisco.gob.mx\/sites\/default\/files\/\/PRESUPUESTO%20EGRESOS%202020.pdf\" target=\"_blank\">PRESUPUESTO EGRESOS 2020<\/a><br><br><img decoding=\"async\" width=\"28px\" src=\"https:\/\/manzanilladelapaz.gob.mx\/v3\/wp-content\/uploads\/2024\/11\/file-and-folder3.png\"> <a href=\"https:\/\/transparencia.info.jalisco.gob.mx\/sites\/default\/files\/\/PRESUPUESTO%20EGRESOS%20Y%20CLASIFICADOR%20POR%20OBJETO%20DE%20GASTOS%202019.pdf\" target=\"_blank\">PRESUPUESTO EGRESOS Y CLASIFICADOR POR OBJETO DE GASTOS 2019<\/a><br><br><img decoding=\"async\" width=\"28px\" src=\"https:\/\/manzanilladelapaz.gob.mx\/v3\/wp-content\/uploads\/2024\/11\/file-and-folder3.png\"> <a href=\"https:\/\/transparencia.info.jalisco.gob.mx\/sites\/default\/files\/\/PRESUPUESTO%20EGRESOS%20Y%20CLASIFICADOR%20POR%20OBJETO%20DE%20GASTOS%202020.pdf\" target=\"_blank\">PRESUPUESTO EGRESOS Y CLASIFICADOR POR OBJETO DE GASTOS 2020<\/a><br><br><img decoding=\"async\" width=\"28px\" src=\"https:\/\/manzanilladelapaz.gob.mx\/v3\/wp-content\/uploads\/2024\/11\/file-and-folder3.png\"> <a href=\"https:\/\/transparencia.info.jalisco.gob.mx\/sites\/default\/files\/\/PRESPUESTO%20EGRESOS%20Y%20CLASIFICADOR%20POR%20OBJETO%20DE%20GASTOS%202021.pdf\" target=\"_blank\">PRESPUESTO EGRESOS Y CLASIFICADOR POR OBJETO DE GASTOS 2021<\/a><br><\/ul><br><br><p><span style=\"line-height: normal;\"><\/span><\/p><br><p><span style=\"font-size: 14px; font-weight: bold;\"><img decoding=\"async\" width=\"28px\" src=\"https:\/\/manzanilladelapaz.gob.mx\/v3\/wp-content\/uploads\/2024\/11\/file-and-folder4.png\"> Contabilidad gubernamental de la administraci\u00f3n 2015 - 2018<\/span><\/p><ul><br><img decoding=\"async\" width=\"28px\" src=\"https:\/\/manzanilladelapaz.gob.mx\/v3\/wp-content\/uploads\/2024\/11\/file-and-folder3.png\"> <a href=\"https:\/\/transparencia.info.jalisco.gob.mx\/sites\/default\/files\/\/ClasificadorObjetoGasto2015_6.pdf\" target=\"_blank\">ClasificadorObjetoGasto2015<\/a><br><br><img decoding=\"async\" width=\"28px\" src=\"https:\/\/manzanilladelapaz.gob.mx\/v3\/wp-content\/uploads\/2024\/11\/file-and-folder3.png\"> <a href=\"https:\/\/transparencia.info.jalisco.gob.mx\/sites\/default\/files\/\/PRESUPUESTO%20LA%20MANZANILLA%20DE%20LA%20PAZ%20%202015.pdf\" target=\"_blank\">PRESUPUESTO LA MANZANILLA DE LA PAZ 2015<\/a><br><br><img decoding=\"async\" width=\"28px\" src=\"https:\/\/manzanilladelapaz.gob.mx\/v3\/wp-content\/uploads\/2024\/11\/file-and-folder3.png\"> <a href=\"https:\/\/transparencia.info.jalisco.gob.mx\/sites\/default\/files\/\/ClasificadorObjetoGasto2016_0.pdf\" target=\"_blank\">ClasificadorObjetoGasto2016<\/a><br><br><img decoding=\"async\" width=\"28px\" src=\"https:\/\/manzanilladelapaz.gob.mx\/v3\/wp-content\/uploads\/2024\/11\/file-and-folder3.png\"> <a href=\"https:\/\/transparencia.info.jalisco.gob.mx\/sites\/default\/files\/\/PRESUPUESTO%20LA%20MANZANILLA%20DE%20LA%20PAZ%20%202016.pdf\" target=\"_blank\">PRESUPUESTO LA MANZANILLA DE LA PAZ 2016<\/a><br><br><img decoding=\"async\" width=\"28px\" src=\"https:\/\/manzanilladelapaz.gob.mx\/v3\/wp-content\/uploads\/2024\/11\/file-and-folder3.png\"> <a href=\"https:\/\/transparencia.info.jalisco.gob.mx\/sites\/default\/files\/\/ClasificadorObjetoGasto2017_0.pdf\" target=\"_blank\">ClasificadorObjetoGasto2017<\/a><br><br><img decoding=\"async\" width=\"28px\" src=\"https:\/\/manzanilladelapaz.gob.mx\/v3\/wp-content\/uploads\/2024\/11\/file-and-folder3.png\"> <a href=\"https:\/\/transparencia.info.jalisco.gob.mx\/sites\/default\/files\/\/PRESUPUESTO%20MUNICIPIOS%20LA%20MANZANILLA%202017.pdf\" target=\"_blank\">PRESUPUESTO MUNICIPIOS LA MANZANILLA 2017<\/a><br><br><img decoding=\"async\" width=\"28px\" src=\"https:\/\/manzanilladelapaz.gob.mx\/v3\/wp-content\/uploads\/2024\/11\/file-and-folder3.png\"> <a href=\"https:\/\/transparencia.info.jalisco.gob.mx\/sites\/default\/files\/\/ClasificadorObjetoGasto2018_0.pdf\" target=\"_blank\">ClasificadorObjetoGasto2018<\/a><br><br><img decoding=\"async\" width=\"28px\" src=\"https:\/\/manzanilladelapaz.gob.mx\/v3\/wp-content\/uploads\/2024\/11\/file-and-folder3.png\"> <a href=\"https:\/\/transparencia.info.jalisco.gob.mx\/sites\/default\/files\/\/PRESUPUESTO%20MUNICIPIOS%20%20LA%20MANZANILLA%20DE%20%20LA%20PAZ%202018.pdf\" target=\"_blank\">PRESUPUESTO MUNICIPIOS LA MANZANILLA DE LA PAZ 2018<\/a><\/ul><br><br><p><span style=\"line-height: normal;\"><\/span><\/p><br><p><span style=\"font-size: 14px; font-weight: bold;\"><img decoding=\"async\" width=\"28px\" src=\"https:\/\/manzanilladelapaz.gob.mx\/v3\/wp-content\/uploads\/2024\/11\/file-and-folder4.png\"> Contabilidad gubernamental de la administraci\u00f3n 2012 - 2015<\/span><\/p><br><p><span style=\"font-size: 14px;\"><span style=\"font-weight: bold;\">La administraci\u00f3n 2012 - 2015<\/span> en su acto de entrega y recepci\u00f3n, no realizo la entrega de la informaci\u00f3n contable de su administraci\u00f3n, por lo que se procedi\u00f3 a realizar ante la fiscal\u00eda general del Estado de Jalisco la denuncia correspondiente.<\/span><\/p><ul><br><img decoding=\"async\" width=\"28px\" src=\"https:\/\/manzanilladelapaz.gob.mx\/v3\/wp-content\/uploads\/2024\/11\/file-and-folder3.png\"> <a href=\"http:\/\/transparencia.info.jalisco.gob.mx\/sites\/default\/files\/RATIFICACI%C3%93N%20DENUNCIA%20VERSI%C3%93N%20P%C3%9ABLICA%20LA%20MANZANILLA%20DE%20LA%20PAZ.pdf#overlay-context=art%25C3%25ADculo-8-fracci%25C3%25B3n-v\/2666\" target=\"_blank\">RATIFICACI\u00d3N DENUNCIA VERSI\u00d3N P\u00daBLICA LA MANZANILLA DE LA PAZ<\/a><br><\/ul><\/ul><br><p><span style=\"line-height: normal;\"><\/span><\/p><br><p><br><\/p><br><br><\/pre>\n","protected":false},"excerpt":{"rendered":"<p>c) El presupuesto de egresos anual y, en su caso, el clasificador por objeto del gasto del sujeto obligado, de cuando menos los \u00faltimos tres a\u00f1os; Contabilidad gubernamental de la &#8230;<\/p>\n","protected":false},"author":1,"featured_media":0,"parent":0,"menu_order":0,"comment_status":"closed","ping_status":"closed","template":"","meta":{"footnotes":""},"class_list":["post-698","page","type-page","status-publish","hentry"],"_links":{"self":[{"href":"https:\/\/manzanilladelapaz.gob.mx\/v3\/index.php\/wp-json\/wp\/v2\/pages\/698","targetHints":{"allow":["GET"]}}],"collection":[{"href":"https:\/\/manzanilladelapaz.gob.mx\/v3\/index.php\/wp-json\/wp\/v2\/pages"}],"about":[{"href":"https:\/\/manzanilladelapaz.gob.mx\/v3\/index.php\/wp-json\/wp\/v2\/types\/page"}],"author":[{"embeddable":true,"href":"https:\/\/manzanilladelapaz.gob.mx\/v3\/index.php\/wp-json\/wp\/v2\/users\/1"}],"replies":[{"embeddable":true,"href":"https:\/\/manzanilladelapaz.gob.mx\/v3\/index.php\/wp-json\/wp\/v2\/comments?post=698"}],"version-history":[{"count":14,"href":"https:\/\/manzanilladelapaz.gob.mx\/v3\/index.php\/wp-json\/wp\/v2\/pages\/698\/revisions"}],"predecessor-version":[{"id":1138,"href":"https:\/\/manzanilladelapaz.gob.mx\/v3\/index.php\/wp-json\/wp\/v2\/pages\/698\/revisions\/1138"}],"wp:attachment":[{"href":"https:\/\/manzanilladelapaz.gob.mx\/v3\/index.php\/wp-json\/wp\/v2\/media?parent=698"}],"curies":[{"name":"wp","href":"https:\/\/api.w.org\/{rel}","templated":true}]}}