{"id":751,"date":"2024-12-04T04:08:17","date_gmt":"2024-12-04T03:08:17","guid":{"rendered":"https:\/\/manzanilladelapaz.gob.mx\/v3\/?page_id=751"},"modified":"2024-12-04T04:08:17","modified_gmt":"2024-12-04T03:08:17","slug":"articulo-8-fraccion-v-n-2","status":"publish","type":"page","link":"https:\/\/manzanilladelapaz.gob.mx\/v3\/index.php\/articulo-8-fraccion-v-n-2\/","title":{"rendered":"Art\u00edculo 8 \/ Fracci\u00f3n V \/ \u00f1)"},"content":{"rendered":"\n<pre class=\"wp-block-preformatted interlineado-personalizado\" style=\"text-transform:uppercase\"><strong>\u00f1)    Los padrones de proveedores o contratistas, de cuando menos los \u00faltimos tres a\u00f1os;<\/strong><br><ul><br><p><span style=\"font-weight: bold; font-size: 16px;\"><img decoding=\"async\" width=\"28px\" src=\"https:\/\/manzanilladelapaz.gob.mx\/v3\/wp-content\/uploads\/2024\/11\/file-and-folder4.png\"> 2024<\/span><\/p><ul><br><img decoding=\"async\" width=\"28px\" src=\"https:\/\/manzanilladelapaz.gob.mx\/v3\/wp-content\/uploads\/2024\/11\/file-and-folder3.png\"> <a href=\"#\">La informaci\u00f3n correspondiente al 2024 esta en proceso de actualizaci\u00f3n, estar\u00e1 disponible en los pr\u00f3ximos d\u00edas.<\/a><\/ul><p><span style=\"line-height: normal;\"><\/span><\/p><p><br><\/p><br><p><span style=\"font-weight: bold; font-size: 16px;\"><img decoding=\"async\" width=\"28px\" src=\"https:\/\/manzanilladelapaz.gob.mx\/v3\/wp-content\/uploads\/2024\/11\/file-and-folder4.png\"> 2023<\/span><\/p><ul><br><img decoding=\"async\" width=\"28px\" src=\"https:\/\/manzanilladelapaz.gob.mx\/v3\/wp-content\/uploads\/2024\/11\/file-and-folder3.png\"> <a href=\"https:\/\/manzanilladelapaz.gob.mx\/Transparencia\/PADRON_PROVEEDORES\/2023\/PADRON_DE_PROVEEDORES_2023.pdf\" target=\"_blank\">PADR\u00d3N DE PROVEEDORES 2023 - ENERO-DICIEMBRE<\/a><\/ul><p><span style=\"line-height: normal;\"><\/span><\/p><p><br><\/p><br><p><span style=\"font-weight: bold; font-size: 16px;\"><img decoding=\"async\" width=\"28px\" src=\"https:\/\/manzanilladelapaz.gob.mx\/v3\/wp-content\/uploads\/2024\/11\/file-and-folder4.png\"> 2022<\/span><\/p><ul><br><img decoding=\"async\" width=\"28px\" src=\"https:\/\/manzanilladelapaz.gob.mx\/v3\/wp-content\/uploads\/2024\/11\/file-and-folder3.png\"> <a href=\"https:\/\/manzanilladelapaz.gob.mx\/Transparencia\/PADRON_PROVEEDORES\/2022\/PADRON_DE_PROVEEDORES_2022_ENERO-DICIEMBRE.pdf\" target=\"_blank\">PADR\u00d3N DE PROVEEDORES 2022 - ENERO-DICIEMBRE<\/a><br><br><img decoding=\"async\" width=\"28px\" src=\"https:\/\/manzanilladelapaz.gob.mx\/v3\/wp-content\/uploads\/2024\/11\/file-and-folder3.png\"> <a href=\"https:\/\/manzanilladelapaz.gob.mx\/Transparencia\/PADRON_PROVEEDORES\/2022\/PADRON_DE_PROVEEDORES_2022.pdf\" target=\"_blank\">PADR\u00d3N DE PROVEEDORES 2022<\/a><\/ul><p><span style=\"line-height: normal;\"><\/span><\/p><p><br><\/p><br><p><span style=\"font-weight: bold; font-size: 16px;\"><img decoding=\"async\" width=\"28px\" src=\"https:\/\/manzanilladelapaz.gob.mx\/v3\/wp-content\/uploads\/2024\/11\/file-and-folder4.png\"> 2021<\/span><\/p><ul><br><img decoding=\"async\" width=\"28px\" src=\"https:\/\/manzanilladelapaz.gob.mx\/v3\/wp-content\/uploads\/2024\/11\/file-and-folder3.png\"> <a href=\"https:\/\/manzanilladelapaz.gob.mx\/Transparencia\/PADRON_PROVEEDORES\/2021\/PADRON_DE_PROVEDORES_2021.pdf\" target=\"_blank\">PADRON DE PROVEDORES 2021<\/a><br><br><img decoding=\"async\" width=\"28px\" src=\"https:\/\/manzanilladelapaz.gob.mx\/v3\/wp-content\/uploads\/2024\/11\/file-and-folder3.png\"> <a href=\"https:\/\/transparencia.info.jalisco.gob.mx\/sites\/default\/files\/\/PROVEEDORES%202021.pdf\" target=\"_blank\">PROVEEDORES 2021<\/a><\/ul><p><span style=\"line-height: normal;\"><\/span><\/p><p><br><\/p><br><p><span style=\"font-weight: bold; font-size: 16px;\"><img decoding=\"async\" width=\"28px\" src=\"https:\/\/manzanilladelapaz.gob.mx\/v3\/wp-content\/uploads\/2024\/11\/file-and-folder4.png\"> 2020<\/span><\/p><ul><br><img decoding=\"async\" width=\"28px\" src=\"https:\/\/manzanilladelapaz.gob.mx\/v3\/wp-content\/uploads\/2024\/11\/file-and-folder3.png\"> <a href=\"https:\/\/transparencia.info.jalisco.gob.mx\/sites\/default\/files\/\/PROVEEDORES%202020%20-%202021.pdf\" target=\"_blank\">PROVEEDORES 2020 - 2021<\/a><\/ul><p><span style=\"line-height: normal;\"><\/span><\/p><p><br><\/p><br><p><span style=\"font-weight: bold; font-size: 16px;\"><img decoding=\"async\" width=\"28px\" src=\"https:\/\/manzanilladelapaz.gob.mx\/v3\/wp-content\/uploads\/2024\/11\/file-and-folder4.png\"> 2019<\/span><\/p><ul><br><img decoding=\"async\" width=\"28px\" src=\"https:\/\/manzanilladelapaz.gob.mx\/v3\/wp-content\/uploads\/2024\/11\/file-and-folder3.png\"> <a href=\"https:\/\/transparencia.info.jalisco.gob.mx\/sites\/default\/files\/\/CATALOGO%20PROVEEDORES%202019.pdf\" target=\"_blank\">CATALOGO PROVEEDORES 2019<\/a><\/ul><p><span style=\"line-height: normal;\"><\/span><\/p><p><br><\/p><br><p><span style=\"font-weight: bold; font-size: 16px;\"><img decoding=\"async\" width=\"28px\" src=\"https:\/\/manzanilladelapaz.gob.mx\/v3\/wp-content\/uploads\/2024\/11\/file-and-folder4.png\"> 2018<\/span><\/p><ul><br><img decoding=\"async\" width=\"28px\" src=\"https:\/\/manzanilladelapaz.gob.mx\/v3\/wp-content\/uploads\/2024\/11\/file-and-folder3.png\"> <a href=\"https:\/\/transparencia.info.jalisco.gob.mx\/sites\/default\/files\/\/CATALOGO%20DE%20PROVEDORES%202018.xls\" target=\"_blank\">CATALOGO DE PROVEDORES 2018<\/a><\/ul><p><span style=\"line-height: normal;\"><\/span><\/p><p><br><\/p><br><p><span style=\"font-weight: bold; font-size: 16px;\"><img decoding=\"async\" width=\"28px\" src=\"https:\/\/manzanilladelapaz.gob.mx\/v3\/wp-content\/uploads\/2024\/11\/file-and-folder4.png\"> 2017<\/span><\/p><ul><br><img decoding=\"async\" width=\"28px\" src=\"https:\/\/manzanilladelapaz.gob.mx\/v3\/wp-content\/uploads\/2024\/11\/file-and-folder3.png\"> <a href=\"https:\/\/transparencia.info.jalisco.gob.mx\/sites\/default\/files\/\/CATALOGO%20DE%20PROVEDORES%20ENERO%20DICIEMBRE%202017.xlsx\" target=\"_blank\">CATALOGO DE PROVEDORES ENERO DICIEMBRE 2017<\/a><\/ul><p><span style=\"line-height: normal;\"><\/span><\/p><p><br><\/p><br><p><span style=\"font-weight: bold; font-size: 16px;\"><img decoding=\"async\" width=\"28px\" src=\"https:\/\/manzanilladelapaz.gob.mx\/v3\/wp-content\/uploads\/2024\/11\/file-and-folder4.png\"> 2016<\/span><\/p><ul><br><img decoding=\"async\" width=\"28px\" src=\"https:\/\/manzanilladelapaz.gob.mx\/v3\/wp-content\/uploads\/2024\/11\/file-and-folder3.png\"> <a href=\"https:\/\/transparencia.info.jalisco.gob.mx\/sites\/default\/files\/\/Proveedores%202016_1.pdf\" target=\"_blank\">Proveedores 2016<\/a><\/ul><p><span style=\"line-height: normal;\"><\/span><\/p><p><br><\/p><br><p><span style=\"font-weight: bold; font-size: 16px;\"><img decoding=\"async\" width=\"28px\" src=\"https:\/\/manzanilladelapaz.gob.mx\/v3\/wp-content\/uploads\/2024\/11\/file-and-folder4.png\"> 2015<\/span><\/p><ul><br><img decoding=\"async\" width=\"28px\" src=\"https:\/\/manzanilladelapaz.gob.mx\/v3\/wp-content\/uploads\/2024\/11\/file-and-folder3.png\"> <a href=\"https:\/\/transparencia.info.jalisco.gob.mx\/sites\/default\/files\/\/F10_99.pdf\" target=\"_blank\">INFORMATIVA DE PROVEEDORES DICIEMBRE 2015<\/a><br><br><img decoding=\"async\" width=\"28px\" src=\"https:\/\/manzanilladelapaz.gob.mx\/v3\/wp-content\/uploads\/2024\/11\/file-and-folder3.png\"> <a href=\"https:\/\/transparencia.info.jalisco.gob.mx\/sites\/default\/files\/\/F10_98.pdf\" target=\"_blank\">INFORMATIVA DE PROVEEDORES NOVIEMBRE 2015<\/a><br><br><img decoding=\"async\" width=\"28px\" src=\"https:\/\/manzanilladelapaz.gob.mx\/v3\/wp-content\/uploads\/2024\/11\/file-and-folder3.png\"> <a href=\"https:\/\/transparencia.info.jalisco.gob.mx\/sites\/default\/files\/\/F10_97.pdf\" target=\"_blank\">INFORMATIVA DE PROVEEDORES OCTUBRE 2015<\/a><\/ul><p><br><\/p><br><p><span style=\"font-weight: bold; font-size: 16px;\"><img decoding=\"async\" width=\"28px\" src=\"https:\/\/manzanilladelapaz.gob.mx\/v3\/wp-content\/uploads\/2024\/11\/file-and-folder4.png\"> 2012-2015<\/span><\/p><br><p><span style=\"font-size: 14px;\">La administraci\u00f3n 2012 - 2015 en su acto de entrega y recepci\u00f3n, no realizo la entrega de la informaci\u00f3n contable de su administraci\u00f3n, por lo que se procedi\u00f3 a realizar ante la fiscal\u00eda general del Estado de Jalisco la denuncia correspondiente.<\/span><\/p><ul><br><img decoding=\"async\" width=\"28px\" src=\"https:\/\/manzanilladelapaz.gob.mx\/v3\/wp-content\/uploads\/2024\/11\/file-and-folder3.png\"> <a href=\"http:\/\/transparencia.info.jalisco.gob.mx\/sites\/default\/files\/RATIFICACI%C3%93N%20DENUNCIA%20VERSI%C3%93N%20P%C3%9ABLICA%20LA%20MANZANILLA%20DE%20LA%20PAZ.pdf#overlay-context=art%25C3%25ADculo-8-fracci%25C3%25B3n-v\/2666\" target=\"_blank\">RATIFICACI\u00d3N DENUNCIA VERSI\u00d3N P\u00daBLICA LA MANZANILLA DE LA PAZ<\/a><br><\/ul><br><p><span style=\"line-height: normal;\"><\/span><\/p><br><p><br><\/p><\/ul><br><br><\/pre>\n","protected":false},"excerpt":{"rendered":"<p>\u00f1) Los padrones de proveedores o contratistas, de cuando menos los \u00faltimos tres a\u00f1os; 2024 La informaci\u00f3n correspondiente al 2024 esta en proceso de actualizaci\u00f3n, estar\u00e1 disponible en los pr\u00f3ximos &#8230;<\/p>\n","protected":false},"author":1,"featured_media":0,"parent":0,"menu_order":0,"comment_status":"closed","ping_status":"closed","template":"","meta":{"footnotes":""},"class_list":["post-751","page","type-page","status-publish","hentry"],"_links":{"self":[{"href":"https:\/\/manzanilladelapaz.gob.mx\/v3\/index.php\/wp-json\/wp\/v2\/pages\/751","targetHints":{"allow":["GET"]}}],"collection":[{"href":"https:\/\/manzanilladelapaz.gob.mx\/v3\/index.php\/wp-json\/wp\/v2\/pages"}],"about":[{"href":"https:\/\/manzanilladelapaz.gob.mx\/v3\/index.php\/wp-json\/wp\/v2\/types\/page"}],"author":[{"embeddable":true,"href":"https:\/\/manzanilladelapaz.gob.mx\/v3\/index.php\/wp-json\/wp\/v2\/users\/1"}],"replies":[{"embeddable":true,"href":"https:\/\/manzanilladelapaz.gob.mx\/v3\/index.php\/wp-json\/wp\/v2\/comments?post=751"}],"version-history":[{"count":1,"href":"https:\/\/manzanilladelapaz.gob.mx\/v3\/index.php\/wp-json\/wp\/v2\/pages\/751\/revisions"}],"predecessor-version":[{"id":752,"href":"https:\/\/manzanilladelapaz.gob.mx\/v3\/index.php\/wp-json\/wp\/v2\/pages\/751\/revisions\/752"}],"wp:attachment":[{"href":"https:\/\/manzanilladelapaz.gob.mx\/v3\/index.php\/wp-json\/wp\/v2\/media?parent=751"}],"curies":[{"name":"wp","href":"https:\/\/api.w.org\/{rel}","templated":true}]}}