{"id":825,"date":"2025-01-05T17:55:23","date_gmt":"2025-01-05T16:55:23","guid":{"rendered":"https:\/\/manzanilladelapaz.gob.mx\/v3\/?page_id=825"},"modified":"2025-01-05T17:55:23","modified_gmt":"2025-01-05T16:55:23","slug":"articulo-8-fraccion-vi-k","status":"publish","type":"page","link":"https:\/\/manzanilladelapaz.gob.mx\/v3\/index.php\/articulo-8-fraccion-vi-k\/","title":{"rendered":"Art\u00edculo 8 \/ Fracci\u00f3n VI \/ k)"},"content":{"rendered":"\n<pre class=\"wp-block-preformatted interlineado-personalizado\" style=\"text-transform:uppercase\"><strong>k)    La integraci\u00f3n, la regulaci\u00f3n b\u00e1sica y las actas de las reuniones de los consejos ciudadanos reconocidos oficialmente por el sujeto obligado con el prop\u00f3sito de que la ciudadan\u00eda participe o vigile la actividad de sus \u00f3rganos y dependencias;<\/strong>\n<!--<p><span style=\"font-weight: bold; font-size: 16px;\">2022<\/span><\/p>-->\n<ul>\n<img decoding=\"async\" width=\"28px\" src=\"https:\/\/manzanilladelapaz.gob.mx\/v3\/wp-content\/uploads\/2024\/11\/file-and-folder3.png\"> <a href=\"https:\/\/transparencia.info.jalisco.gob.mx\/sites\/default\/files\/\/1%20acta%20coplademun%202018-2021.pdf\" target=\"_blank\">1 Acta coplademun 2018-2021<\/a>\n\n<img decoding=\"async\" width=\"28px\" src=\"https:\/\/manzanilladelapaz.gob.mx\/v3\/wp-content\/uploads\/2024\/11\/file-and-folder3.png\"> <a href=\"https:\/\/transparencia.info.jalisco.gob.mx\/sites\/default\/files\/\/acta%20int%20coplademun%202018-2021_0.pdf\" target=\"_blank\">Acta int coplademun 2018-2021<\/a>\n\n<img decoding=\"async\" width=\"28px\" src=\"https:\/\/manzanilladelapaz.gob.mx\/v3\/wp-content\/uploads\/2024\/11\/file-and-folder3.png\"> <a href=\"https:\/\/transparencia.info.jalisco.gob.mx\/sites\/default\/files\/\/ACTA%20INTEGRACION%20COPLADEMUN%202015-2018_LA_MANZANILLA%20%281%29_1.pdf\" target=\"_blank\">ACTA INTEGRACION COPLADEMUN 2015-2018_LA_MANZANILLA (1)<\/a>\n<\/ul>\n<p><br><\/p>\n\n<\/pre>\n","protected":false},"excerpt":{"rendered":"<p>k) La integraci\u00f3n, la regulaci\u00f3n b\u00e1sica y las actas de las reuniones de los consejos ciudadanos reconocidos oficialmente por el sujeto obligado con el prop\u00f3sito de que la ciudadan\u00eda participe &#8230;<\/p>\n","protected":false},"author":1,"featured_media":0,"parent":0,"menu_order":0,"comment_status":"closed","ping_status":"closed","template":"","meta":{"footnotes":""},"class_list":["post-825","page","type-page","status-publish","hentry"],"_links":{"self":[{"href":"https:\/\/manzanilladelapaz.gob.mx\/v3\/index.php\/wp-json\/wp\/v2\/pages\/825","targetHints":{"allow":["GET"]}}],"collection":[{"href":"https:\/\/manzanilladelapaz.gob.mx\/v3\/index.php\/wp-json\/wp\/v2\/pages"}],"about":[{"href":"https:\/\/manzanilladelapaz.gob.mx\/v3\/index.php\/wp-json\/wp\/v2\/types\/page"}],"author":[{"embeddable":true,"href":"https:\/\/manzanilladelapaz.gob.mx\/v3\/index.php\/wp-json\/wp\/v2\/users\/1"}],"replies":[{"embeddable":true,"href":"https:\/\/manzanilladelapaz.gob.mx\/v3\/index.php\/wp-json\/wp\/v2\/comments?post=825"}],"version-history":[{"count":1,"href":"https:\/\/manzanilladelapaz.gob.mx\/v3\/index.php\/wp-json\/wp\/v2\/pages\/825\/revisions"}],"predecessor-version":[{"id":826,"href":"https:\/\/manzanilladelapaz.gob.mx\/v3\/index.php\/wp-json\/wp\/v2\/pages\/825\/revisions\/826"}],"wp:attachment":[{"href":"https:\/\/manzanilladelapaz.gob.mx\/v3\/index.php\/wp-json\/wp\/v2\/media?parent=825"}],"curies":[{"name":"wp","href":"https:\/\/api.w.org\/{rel}","templated":true}]}}